002?
-3133121
In base 16, what is -6ed - -1?
-6ec
In base 16, what is 6c469 - 5?
6c464
In base 5, what is 2434 - 200?
2234
In base 14, what is 1238 - 20?
1218
In base 6, what is 3 - -153?
200
In base 11, what is 9089 + 5?
9093
In base 8, what is -4 + -661506?
-661512
In base 15, what is -1b8 - 45c?
-625
In base 4, what is 1 + -2010303?
-2010302
In base 8, what is -602664 + -7?
-602673
In base 4, what is 23022 + 131?
23213
In base 13, what is 16a8 + -202?
14a6
In base 15, what is -e - 331?
-340
In base 3, what is -100201 + -2002?
-102210
In base 2, what is 101100011010 + 1000101?
101101011111
In base 15, what is 7725 - 5?
7720
In base 12, what is -3a0 - -340?
-60
In base 9, what is -312385 + 7?
-312377
In base 3, what is 201011021 - 212?
201010102
In base 13, what is -17b + 159?
-22
In base 8, what is 2 - 25006?
-25004
In base 3, what is 2 + 202101001?
202101010
In base 12, what is -2 + -533b?
-5341
In base 15, what is 46c7 + -9?
46bd
In base 13, what is -41481 + 10?
-41471
In base 4, what is 1111223101 - 10?
1111223031
In base 6, what is -3 - 321123?
-321130
In base 10, what is 5 - 135184?
-135179
In base 5, what is 23 + -3?
20
In base 10, what is 3 + -14?
-11
In base 10, what is 63557 - 0?
63557
In base 12, what is -109 + 3766?
3659
In base 11, what is -3673 - 289?
-3951
In base 5, what is 313 - 1414?
-1101
In base 4, what is -100 - -2333?
2233
In base 2, what is -11000011011 + -10101101001?
-101110000100
In base 8, what is 116 - 725?
-607
In base 16, what is 358 + 4b?
3a3
In base 15, what is -3 - 1a29e?
-1a2a2
In base 15, what is -989 - -1?
-988
In base 3, what is 2 + 2020002201?
2020002210
In base 8, what is -344 + -261?
-625
In base 16, what is -1a - 4a57?
-4a71
In base 9, what is -120638 + 1?
-120637
In base 15, what is -26 - e21?
-e47
In base 13, what is -50 - 372?
-3c2
In base 4, what is -23 + -1303033?
-1303122
In base 8, what is 7330 + 100?
7430
In base 4, what is 23131122 - -11?
23131133
In base 8, what is -3 + 236713?
236710
In base 15, what is 20 - -440?
460
In base 15, what is 1d1 + -3e9?
-218
In base 10, what is -47 - 3948?
-3995
In base 2, what is -10001000 - -100101100111?
100011011111
In base 13, what is a29 + b5?
b11
In base 6, what is 130132 + -454?
125234
In base 13, what is 1517 - 5b?
1489
In base 3, what is -1122201211121 + 12?
-1122201211102
In base 10, what is -909662 - 3?
-909665
In base 8, what is 17427 + 21?
17450
In base 15, what is 4c00 - 4?
4beb
In base 3, what is 1201120022 + -2?
1201120020
In base 3, what is 110100 + 1211?
112011
In base 13, what is -30720 + 6?
-30717
In base 8, what is -2153 + 1204?
-747
In base 7, what is -661630 + -10?
-661640
In base 4, what is 3320031 - 10?
3320021
In base 10, what is -348 - -3072?
2724
In base 4, what is -3 - -2312332?
2312323
In base 5, what is 1102200 - 424?
1101221
In base 10, what is -5 + 1233?
1228
In base 12, what is -1661 + -9?
-166a
In base 6, what is -30330 + -22?
-30352
In base 13, what is 509c - -5c?
512b
In base 11, what is 1 - -539?
53a
In base 14, what is -16a549 - -5?
-16a544
In base 4, what is 103 - -221122?
221231
In base 8, what is 406 - 1201?
-573
In base 5, what is -4040434414 - 2?
-4040434421
In base 12, what is 5 + 33334?
33339
In base 3, what is -101001 + 2202011?
2101010
In base 10, what is -10361 + 0?
-10361
In base 6, what is -1030044 - -11?
-1030033
In base 4, what is -2323301 + 2?
-2323233
In base 5, what is 21213 + 1?
21214
In base 14, what is -8b + -4cc?
-579
In base 15, what is 3b269e - 4?
3b269a
In base 7, what is -4 + -501331?
-501335
In base 15, what is -1 + -b70e?
-b710
In base 11, what is 161 - -966?
1017
In base 9, what is 15806 - -8?
15815
In base 5, what is 1 + -224132241?
-224132240
In base 8, what is -17 + -304754?
-304773
In base 12, what is 51 - -306?
357
In base 9, what is 4301 + -11?
4280
In base 7, what is 22355112 - 3?
22355106
In base 4, what is 1122133 + 1013?
1123212
In base 7, what is -311041 + -1?
-311042
In base 13, what is -5 + -188ac?
-188b4
In base 10, what is 3 - -77777?
77780
In base 9, what is -77510 + -6?
-77516
In base 4, what is 231002 + -213?
230123
In base 9, what is -3822 - 7?
-3830
In base 3, what is -1021 - 11102102212?
-11102111010
In base 9, what is 15 - -547127?
547143
In base 12, what is 187 + a3?
26a
In base 7, what is 11661 + -123?
11535
In base 11, what is 3 - 739646?
-739643
In base 11, what is -2038 + 34?
-2004
In base 5, what is 110201211 - -4?
110201220
In base 7, what is 4 - -12326155?
12326162
In base 5, what is 2 + -112110?
-112103
In base 7, what is 4 + 146161?
146165
In base 3, what is 102112 - -2222?
112111
In base 14, what is 1312 - -6?
1318
In base 8, what is 6 + -1464701?
-1464673
In base 14, what is 1 + -b47c6?
-b47c5
In base 11, what is -345 + 279?
-77
In base 13, what is 4 + -6b7b6?
-6b7b2
In base 14, what is -10 + -4c17?
-4c27
In base 10, what is 3670 + -5?
3665
In base 2, what is -1101010111 - -10111110?
-1010011001
In base 6, what is 3 + -1543544?
-1543541
In base 7, what is 162553 + 0?
162553
In base 11, what is 108a1 - -42?
10933
In base 6, what is 1 + -132025?
-132024
In base 5, what is -433 + 12211?
11223
In base 13, what is -5 - ba714?
-ba719
In base 6, what is -4 - 3441104?
-3441112
In base 8, what is 7 - 17?
-10
In base 8, what is 6 + -24551?
-24543
In base 10, what is 41682 - 1?
41681
In base 14, what is -64 - 10b9?
-113d
In base 7, what is 45264 - 53?
45211
In base 9, what is -53 + 1423?
1360
In base 15, what is b6 + 6e4?
7aa
In base 5, what is 1 - 113044?
-113043
In base 14, what is 52527 + -5?
52522
In base 7, what is 14 + -602606?
-602562
In base 9, what is 16 + 52533?
52550
In base 12, what is -30a + -1a?
-328
In base 14, what is -13c3 - -d?
-13b4
In base 4, what is 30 + 1022300?
1022330
In base 3, what is -21221110 + 10?
-21221100
In base 7, what is 36155 + -440?
35415
In base 3, what is 1 - 101221202210?
-101221202202
In base 12, what is 1a24b1 + -4?
1a24a9
In base 10, what is -52 + -38589?
-38641
In base 7, what is 5 - 115205?
-115200
In base 3, what is 1201100 - -211000?
2112100
In base 5, what is -112123433 - -1?
-112123432
In base 3, what is 222210 + 101001?
1100211
In base 7, what is 5 + 213312?
213320
In base 6, what is 423 - -21235?
22102
In base 8, what is 371210 - -45?
371255
In base 5, what is -1110 - 130333?
-131443
In base 2, what is -1101111101011100101 - -11?
-1101111101011100010
In base 10, what is -10 + 1248?
1238
In base 6, what is 5 + -15134?
-15125
In base 8, what is -10120 - 426?
-10546
In base 3, what is 1 - 11200022?
-11200021
In base 8, what is -1331 - 124?
-1455
In base 6, what is 2 - 422443?
-422441
In base 5, what is 130 + 14334?
20014
In base 13, what is 8605 + -7?
85cb
In base 8, what is 4 + -470757?
-470753
In base 4, what is 122203313 + -20?
122203233
In base 11, what is -345 + 1565?
1220
In base 16, what is -1b + 20f2?
20d7
In base 12, what is 109 + 7145?
7252
In base 4, what is -12 - -113032?
113020
In base 4, what is -213011133 + 33?
-213011100
In base 13, what is -2b4a7 - -4?
-2b4a3
In base 15, what is -2bc3 - 3b?
-2c0e
In base 3, what is -220022110 - -10?
-220022100
In base 4, what is 10 - 100323223?
-100323213
In base 8, what is -321 - -223?
-76
In base 5, what is 1213120 - -110?
1213230
In base 6, what is -50003 - 240?
-50243
In base 6, what is 5 + 253110?
253115
In base 14, what is -140d + 14?
-13d9
In base 9, what is 17256 + -56?
17200
In base 2, what is -1101111101 + 101011?
-1101010010
In base 13, what is 4 + 2c5?
2c9
In base 15, what is 588cc + -2?
588ca
In base 8, what is -17207 - -11?
-17176
In base 11, what is 2404 + 297?
26a0
In base 4, what is 22 - 2112001?
-2111313
In base 5, what is 11 - -132104?
132120
In base 14, what is 1 - 263d?
-263c
In base 2, what is -101111111001111 + -10001?
-101111111100000
In base 11, what is 4009 - -3?
4011
In base 9, what is -103 - 8434?
-8537
In base 13, what is 36 + 7a7?
810
In base 10, what is -3 + 6771?
6768
In base 6, what is -13 + 143232?
143215
In base 11, what is -5 + 8531?
8527
In base 13, what is -2 + -29b9b?
-29ba0
In base 13, what is a + -355a2?
-35595
In base 3, what is 1 - 111122111?
-111122110
In base 5, what is -30323301 + 1?
-30323300
In base 3, what is 11100112 - 2?
11100110
In base 10, what is -146 - 103?
-249
In base 16, what is 2 + -4afc?
-4afa
In base 7, what is 